{"id":46,"date":"2025-01-27T22:40:44","date_gmt":"2025-01-27T22:40:44","guid":{"rendered":"https:\/\/bmgarcia.com\/site\/contact\/"},"modified":"2025-04-21T16:34:33","modified_gmt":"2025-04-21T16:34:33","slug":"contact","status":"publish","type":"page","link":"https:\/\/bmgarcia.com\/site\/contact\/","title":{"rendered":"Contact"},"content":{"rendered":"\n\n\ncontactar\n\n\n\n\n\n<h2>\u00bfTienes un proyecto en mente?<\/h2>\n<blockquote data-start=\"178\" data-end=\"323\" class=\"\">Si eres artista o tienes una banda y necesitas un videoclip, grabar un directo, contenido para redes o fotograf\u00eda profesional, est\u00e1s en el sitio correcto!<br><br><\/blockquote>\n<blockquote data-start=\"327\" data-end=\"485\" class=\"\">Cu\u00e9ntame qu\u00e9 necesitas, en qu\u00e9 fase est\u00e1 tu proyecto y c\u00f3mo te gustar\u00eda que trabajemos juntos.<br>Cuanto m\u00e1s claro sea el primer mensaje, mejor podr\u00e9 ayudarte.<br><\/blockquote><p><\/p>\n\n\n\n\n\n\n\n\n\n\n\nInfo\n\n\n\n\n\n\n\n","protected":false},"excerpt":{"rendered":"","protected":false},"author":1,"featured_media":0,"parent":0,"menu_order":0,"comment_status":"closed","ping_status":"closed","template":"","meta":{"_siteseo_robots_primary_cat":"","pagelayer_contact_templates":[],"_pagelayer_content":"","footnotes":""},"class_list":["post-46","page","type-page","status-publish","hentry"],"_links":{"self":[{"href":"https:\/\/bmgarcia.com\/site\/wp-json\/wp\/v2\/pages\/46","targetHints":{"allow":["GET"]}}],"collection":[{"href":"https:\/\/bmgarcia.com\/site\/wp-json\/wp\/v2\/pages"}],"about":[{"href":"https:\/\/bmgarcia.com\/site\/wp-json\/wp\/v2\/types\/page"}],"author":[{"embeddable":true,"href":"https:\/\/bmgarcia.com\/site\/wp-json\/wp\/v2\/users\/1"}],"replies":[{"embeddable":true,"href":"https:\/\/bmgarcia.com\/site\/wp-json\/wp\/v2\/comments?post=46"}],"version-history":[{"count":2,"href":"https:\/\/bmgarcia.com\/site\/wp-json\/wp\/v2\/pages\/46\/revisions"}],"predecessor-version":[{"id":157,"href":"https:\/\/bmgarcia.com\/site\/wp-json\/wp\/v2\/pages\/46\/revisions\/157"}],"wp:attachment":[{"href":"https:\/\/bmgarcia.com\/site\/wp-json\/wp\/v2\/media?parent=46"}],"curies":[{"name":"wp","href":"https:\/\/api.w.org\/{rel}","templated":true}]}}